the units digit of 1408/11 + (-1 + c - 1)?
8
Let l be 28/(-5)*(4 + (-91)/14). Suppose -l*w = -7*w - 5439. What is the tens digit of w?
7
Suppose -3*r + 5*v + 22 = 0, -3*r - 8*v + 9*v = -14. Suppose y = 3*y, 2*l - r*y = 752. What is the hundreds digit of l?
3
Let s(i) = -64*i**2 + 2*i - 1. Let z be s(-1). Let w = z + 74. Suppose 443 = w*o - 12. What is the units digit of o?
5
Let a be ((-216)/(-16))/(2/(-164)). Let c = a + 2146. What is the units digit of c?
9
Let n(y) = -y**3 - 21*y**2 - 22*y - 66. Let w be n(-20). Let p be (-33*4)/(-8 - -7). Let k = w + p. What is the tens digit of k?
0
Suppose 16*k - 21*k = 1670. Let m = k - -862. What is the units digit of m?
8
Let z(i) = i - 2. Suppose -7*n + 26 = -6*n. Let w = n - 23. What is the units digit of z(w)?
1
Suppose -3*p = q - 96364, 36*p - 3*q - 96384 = 33*p. What is the ten thousands digit of p?
3
Let v(n) = -n**3 + n**2 + 2*n - 2. Let q be v(1). Let p(a) = -a**3 - 6*a**2 + 14*a - 15. Let w be p(-8). Suppose q = -b + 8 + w. What is the units digit of b?
9
Suppose 3*b - 30486 = -5*j, -6*b + 20311 = -4*b - j. Suppose -22*p = -15*p - b. What is the units digit of p?
1
Let q be (23/3)/(-1*(-1)/30). Let o = q + 139. Suppose 0 = a + 8*a - o. What is the units digit of a?
1
Let z = -32 + 5. Let x = z + 53. Suppose -18 = -4*b + x. What is the tens digit of b?
1
Let k = 101 - 45. Let j = 183 - 180. Suppose 2*v = j*v - k. What is the units digit of v?
6
Suppose 1101 = -2*i + 4*t - 163, -2*t = 3*i + 1936. Let w be (-12)/(-54) - i/27. Suppose 5*f = 2*d + w, 2*f + 3*f = -4*d + 42. What is the units digit of f?
6
Suppose 140*n - 3494228 - 419052 = 0. What is the hundreds digit of n?
9
Let y(b) = b**3 + 3*b**2 + 8. Let n be y(-11). Let l = -632 - n. What is the tens digit of l?
2
Let p = -105 + 121. Let x = -31 + p. Let g = x + 105. What is the tens digit of g?
9
Let h = 69 + -49. Let w = -16 + h. Suppose -40 = w*l - 452. What is the units digit of l?
3
Let h(y) = -4229*y**3 + y**2 - 68*y - 69. What is the units digit of h(-1)?
9
Let b(y) = 14*y - 110. Let d be b(8). Suppose 5*j = -4*w + 4500, j + j = d*w - 2268. What is the units digit of w?
0
Suppose 15 - 7 = -8*y. Suppose 12*x = 8*x + 8. What is the hundreds digit of (x/(-6))/(y/3) + 121?
1
Let p be 1 + -2*(-3 - -1). Suppose 3 = -p*a + l, -5*l + 15 = a - 4*a. Suppose a = 3*d - 30 - 87. What is the units digit of d?
9
Suppose -9*l + 3*h + 7495 = -4*l, -3*l = 5*h - 4531. Let v = -765 + l. What is the tens digit of v?
3
Let d = 114 - 111. Suppose 2*r + 2598 = d*l, 3*l = r + 2*r + 2595. What is the units digit of l?
8
Let a be (-2)/((-5)/(-140)*-2). Suppose a*p - 15*p - 11102 = 0. What is the hundreds digit of p?
8
Let l(y) = 1436*y - 5440. What is the ten thousands digit of l(12)?
1
Suppose -2*o + 10*f = 9*f - 11150, -f + 16715 = 3*o. What is the hundreds digit of o?
5
Suppose 0 = 4*i + 4*d + 20, -2*i - 3*i + 4*d = -2. Let w(x) be the first derivative of -27*x**2/2 - 6*x - 253. What is the units digit of w(i)?
8
What is the units digit of 5104 - (9 + -39 - -16)?
8
Let v(g) = 5*g**3 - 56*g**2 + 28*g + 15. What is the hundreds digit of v(21)?
2
Let t = -186 - -441. Let r = t - -168. What is the units digit of r?
3
Let n be 0*((-4)/(-8) - 1). Suppose n = -27*k + 7*k + 2500. What is the tens digit of k?
2
Let p = -2220 + 4895. What is the units digit of p?
5
Suppose 0 = 12*t - 9*t - 471. Suppose 5*i + 22 = 5*n + 437, -5*i + t = -2*n. Let j = -26 - n. What is the tens digit of j?
6
What is the ten thousands digit of (-2)/(-5) - (-79236612)/2470?
3
What is the units digit of (-5)/(-3) - 1723462/(-507)?
1
Suppose -456*r - 1636 = -460*r. Let d = r - -105. What is the hundreds digit of d?
5
Suppose -1060 = -a + w, -4*a + 4204 = -0*a + 5*w. Suppose 0 = -5*f + 1444 + a. What is the tens digit of f?
0
Suppose 0 = -5*i + 3*o - 2 - 75, -35 = 3*i + o. Let p be i/52 - 281/(-4). Let r = -18 + p. What is the tens digit of r?
5
Suppose 2*u + 2*a = -8, -a = -33*u + 30*u + 4. Suppose u = -4*j - 2*q + 204, -3*j + j - 4*q + 96 = 0. What is the units digit of j?
2
Let k be ((-13)/(-5) + -3)/(1/(-1590)). Suppose 11*n - 14*n + 1872 = 3*q, -5*q - k = -n. What is the tens digit of n?
2
Let a = 25265 + 42896. What is the tens digit of a?
6
Let u be 12 - ((-28)/6 + 8/12). Let h be (-1400)/u*4/(-1). Suppose s - h + 116 = -5*n, -10 = -2*n. What is the hundreds digit of s?
2
Let a be (-4)/(-5)*(15 - 10). Suppose -2*p + 2133 = 3*i, -4*p - 2236 = -a*i + 608. What is the tens digit of i?
1
Suppose 6504 = -77*i - 12900. Suppose 10 + 22 = -4*g. What is the units digit of (i/4)/(12/g)?
2
Suppose a - 5*a - 28 = -4*w, -4*a = -2*w + 24. What is the tens digit of (5710/(-10))/(0 + (-2)/w)?
7
Let r be (-1317)/(-27) + (-4)/(-18). Let z = 54 - r. Suppose -2*g = 5*f + 3, -5*g - z*f - 80 = -10*g. What is the units digit of g?
1
Suppose 0 = 34*j - 57*j + 9407. What is the hundreds digit of 28 + -31 + -1 + j?
4
Let k(t) = -2*t**3 - 7*t**2 - 10*t. Suppose 3*o + h - 22 = 0, 8*o - 4*h - 2 = 10*o. Let b be (-1)/(-2) + (495/(-10))/o. What is the units digit of k(b)?
5
What is the tens digit of ((-8)/2)/(3*32/(-453840))?
1
Suppose -15 = 5*r, 5*f + 970 = -r + 11892. Suppose -11*n = -f + 348. What is the tens digit of n?
6
Let n(b) = 4*b**2 + 8*b + 27. Let x be n(-7). Suppose -7*q + 183 = -x. Let s = 128 + q. What is the hundreds digit of s?
1
Let q = -4428 + 6255. Suppose 65*i = 68*i - q. What is the units digit of i?
9
Suppose -266 = -6*w + 898. Let p = 424 + w. What is the tens digit of p?
1
Suppose -14523 = -84*a + 20841. What is the tens digit of a?
2
What is the thousands digit of (-4 - (-115)/25) + 0 + 202910/25?
8
Let k(q) = 28*q**2 - q + 87. Let n(g) = -14*g**2 + g - 43. Let i(o) = -6*k(o) - 13*n(o). What is the tens digit of i(5)?
5
Let n(u) = u**2 - 25. Let h be n(-14). Let f = h - 103. What is the units digit of f?
8
Let n(p) = -13 - 6*p - 10 - 17 + 29. What is the units digit of n(-2)?
1
Let x = 38 - -15. What is the tens digit of (x*2)/(-18 - -20)?
5
Suppose 50*j = 44194 + 67456. What is the units digit of j?
3
Let r = 3843 + -1278. Suppose 0 = 5*v + y - 2590, -r = -5*v - 6*y + 10*y. What is the units digit of v?
7
Let z be -2 + (-2)/(-4 + 6). Let x = -175 + 179. What is the tens digit of 34/(x*z/(-54))?
5
Let x(b) = 19*b**2 + 10*b - 8. Let y(z) = 18*z**2 + 12*z - 9. Let s(w) = 5*x(w) - 4*y(w). What is the hundreds digit of s(-3)?
1
Let x(n) = 5*n - 149. Let g be x(29). What is the thousands digit of 1/((g/(-1031))/4)?
1
Let y(u) = -u**3 - 12*u**2 + 34*u - 19. Let m be y(-15). Suppose 4 = 2*c - m. What is the tens digit of c?
7
Suppose 1 = -4*r + 33. Suppose -r*n + 6 = -11*n. What is the tens digit of 2640/25 - 5 - n/5?
0
Let y = 6445 - 4682. What is the hundreds digit of y?
7
Let f be -3*(8/56 - 17/21). Let q(g) = -10*g**2 - 3*g + 1. Let l be q(f). What is the units digit of (-5 + (-9)/(-2))*2*l?
5
What is the hundreds digit of 4 - 0 - ((-3)/15 + 2710464/(-30))?
3
Suppose 4 - 1 = 3*i. Let u be i - 7/28 - (-769)/4. What is the units digit of 3 + (-65)/20 + u/4?
8
Suppose 0 = -5*u + 153 - 43. Suppose -323 - 223 = -21*j. Let m = j + u. What is the units digit of m?
8
Let c = -24692 - -86686. What is the tens digit of c?
9
Let t(f) = -83*f - 2283. What is the hundreds digit of t(-91)?
2
Let z = 56 - 52. Suppose 3*o + 420 + 1066 = z*y, 0 = 2*y - 3*o - 746. What is the units digit of y?
0
Let l = 5409 + -3880. What is the tens digit of l?
2
Suppose -3*d - w - 9326 = -46602, 5*w = 4*d - 49752. What is the thousands digit of d?
2
Suppose 66*w - q = 67*w - 22100, 0 = 4*w - 5*q - 88391. What is the thousands digit of w?
2
Suppose 0 = 3*i - 6 - 0. Suppose 3*m = -i*m + 5. What is the hundreds digit of -4*m/2*-52?
1
Suppose 6*s - 1094 = 262. Suppose -222*l + s*l = 1404. What is the tens digit of l?
5
What is the hundreds digit of 8/((-96)/(-87786))*4/3?
7
Let t be (2/(-4))/((-1)/192*3). Suppose -5*h - 8 = t. What is the tens digit of (-1550)/h + (-15)/(-60)?
9
Suppose -8*m = -3*m + q - 4814, -2*q = -m + 965. Suppose -m = -5*p + 887. What is the hundreds digit of p?
3
Let q be (-7815)/(-20) + (-15)/20. Suppose -4*o + 4*t = -1428, -o + q = -3*t + 39. What is the hundreds digit of o?
3
Let b = 86 + -27. Let a = 60 - b. What is the units digit of a?
1
Let y(h) = 14*h**2 + 2*h + 13. Let s be y(-3). Let m = s + -